 78*l**2 + 6*l + 64. Determine f(-13).
-14
Let b(s) = -4*s**2 - 55*s - 100. Calculate b(-2).
-6
Let p(f) = 13*f**2 + f. Give p(-4).
204
Let z(h) = h**3 - 11*h**2 + 17*h + 69. Determine z(8).
13
Let m(f) = 48*f - 67. What is m(-4)?
-259
Let g(p) = -p**3 - 52*p**2 - 103*p + 36. Determine g(-50).
186
Let x(d) = d**2 - 19*d + 86. Give x(10).
-4
Let s(x) = x**2 - 7*x - 1027. What is s(36)?
17
Let k(j) = -j**2 + 854*j + 5161. Determine k(-6).
1
Let k(m) = 553*m + 11612. Give k(-21).
-1
Let d(x) = x**3 - 22*x**2 + 12*x + 194. Calculate d(21).
5
Let s(o) = 2*o**2 + 1124*o + 2236. Determine s(-2).
-4
Let o(n) = 46*n**2 + 1148*n - 36. What is o(-25)?
14
Let u(c) = 2*c**2 + 164*c + 2783. Determine u(-58).
-1
Let a(k) = 2*k**3 - 340*k**2 + 11*k - 1898. Calculate a(170).
-28
Let t(a) = a**3 + 24*a**2 - 57*a + 25. Determine t(-26).
155
Let f(k) = 3*k**3 - k**2 + 3*k - 27. What is f(3)?
54
Let v(t) = -32*t - 884. Determine v(-37).
300
Let h(q) = 7*q - 377. Calculate h(39).
-104
Let g(h) = 2*h**3 + 11*h**2 - 6*h - 55. Calculate g(-6).
-55
Let c(d) = d**3 - 44*d**2 + 97*d - 546. Determine c(42).
0
Let o(p) = p**3 - 145*p**2 - 1714*p + 1. Calculate o(-11).
-21
Let b(f) = -f**2 + 133*f - 889. Calculate b(126).
-7
Let t(o) = -2*o**2 - 181*o + 86. Calculate t(-91).
-5
Let x(i) = 79*i + 8607. Give x(-109).
-4
Let j(l) = -138*l**2 + 1105*l - 1. Calculate j(8).
7
Let z(p) = 16*p**2 + 413*p + 2651. Give z(-13).
-14
Let l(v) = -2*v**2 + 59*v + 178. Give l(29).
207
Let d(t) = -t**3 + 32*t**2 + 107*t + 48. Calculate d(35).
118
Let a(w) = 2*w**2 - 26*w + 82. Determine a(8).
2
Let h(a) = -4600*a + 4597. Calculate h(1).
-3
Let n(c) = -3*c**3 - 6*c**2 - 3*c + 3. What is n(-1)?
3
Let n(m) = -4*m**2 + 265*m - 1460. Give n(6).
-14
Let y(v) = -v**2 - 5*v + 196. Determine y(-19).
-70
Let w(i) = -36*i + 235. Calculate w(15).
-305
Let l(b) = -b**3 - 46*b**2 + 162*b + 729. Determine l(-49).
-6
Let b(i) = -2*i**2 - 12*i + 8. Determine b(3).
-46
Let y(a) = -106*a - 271. Calculate y(-5).
259
Let w(f) = -f**3 - 10*f**2 + 16*f + 60. Determine w(-12).
156
Let t(g) = 10*g**2 + 55*g - 787. Calculate t(-12).
-7
Let w(f) = 697*f + 4883. Calculate w(-7).
4
Let l(s) = -5*s**2 + 14*s - 17. Calculate l(5).
-72
Let p(r) = -r**3 - 23*r**2 + 22819*r + 143. Determine p(140).
3
Let j(g) = 9*g**2 + 33*g - 249. Determine j(7).
423
Let a(z) = 35*z**2 - 349*z - 20. What is a(10)?
-10
Let g(x) = -x**3 - 12*x**2 - 26*x - 171. What is g(-11)?
-6
Let v(w) = w**2 + 61*w - 93. Give v(-61).
-93
Let v(c) = -83*c + 2576. Give v(31).
3
Let q(v) = -4*v**3 - 43*v**2 + 8*v - 5. What is q(-11)?
28
Let n(y) = -6*y**2 + 41*y - 73. Calculate n(3).
-4
Let q(h) = -h**2 + 508*h + 15011. What is q(-28)?
3
Let m(g) = -g**2 - 54*g + 44. Calculate m(-54).
44
Let z(b) = 3*b**2 + 22*b - 343. What is z(-15)?
2
Let i(c) = -24*c - 43. What is i(-1)?
-19
Let h(d) = 151*d - 135. Give h(0).
-135
Let a(h) = 204*h + 8972. What is a(-44)?
-4
Let j(r) = -r**2 - 39*r - 275. Determine j(-9).
-5
Let f(r) = r**3 + 12*r**2 + 32*r + 8. Give f(-5).
23
Let l(a) = 139*a - 55. Give l(1).
84
Let g(b) = 86*b**2 - 293*b - 17. What is g(4)?
187
Let a(m) = m**2 - 46*m - 770. Give a(59).
-3
Let p(s) = s**3 - 5*s**2 + 8*s - 108. Calculate p(7).
46
Let d(x) = -2*x**2 + 14*x - 22. Give d(-8).
-262
Let r(s) = -1775*s - 8868. What is r(-5)?
7
Let p(r) = r**2 + 38*r + 264. What is p(-29)?
3
Let y(n) = 2*n**2 - 52*n - 40. What is y(17)?
-346
Let i(t) = -t**3 + 11*t**2 - 14*t + 26. Determine i(10).
-14
Let d(t) = -1028*t - 55511. Give d(-54).
1
Let j(z) = -15*z**2 + 92*z - 12. Give j(7).
-103
Let z(m) = -m**3 - 20*m**2 + 15*m - 80. What is z(-21)?
46
Let i(y) = y**3 - 42*y**2 - 911*y + 274. Give i(-16).
2
Let u(m) = m**3 - 113*m**2 + 2639*m + 69. Give u(80).
-11
Let v(m) = m**3 + 7*m**2 - 4*m - 1. Determine v(0).
-1
Let j(v) = -2*v**3 - 14*v**2 - 7*v + 44. Determine j(-4).
-24
Let j(d) = -9*d**2 - 46*d + 23. What is j(-5)?
28
Let h(o) = o**3 + 2*o**2 - 259*o + 5. What is h(0)?
5
Let j(a) = 22*a + 128. Calculate j(-6).
-4
Let g(p) = -p**3 - 5*p**2 + 252*p + 1466. Calculate g(-6).
-10
Let z(s) = s**3 + 150*s**2 - 1270*s - 927. Determine z(-158).
21
Let p(j) = -2*j**3 + 25*j**2 + 21*j - 115. Calculate p(13).
-11
Let c(w) = -w**2 + 66*w - 110. What is c(65)?
-45
Let j(a) = -39*a - 90. Determine j(-4).
66
Let k(h) = 5*h**2 - 13*h + 31. What is k(6)?
133
Let q(x) = 73*x + 2012. Calculate q(-27).
41
Let z(o) = -o**3 + 29*o**2 - 42*o + 154. What is z(28)?
-238
Let a(t) = 6*t - 51. Give a(4).
-27
Let g(i) = -i**3 + 13*i**2 - 8*i - 2. Give g(13).
-106
Let t(i) = -i**3 - 2*i**2 - 35*i - 110. What is t(-3)?
4
Let f(q) = q**3 + 16*q**2 - 70*q. Determine f(-20).
-200
Let v(q) = 535*q - 41193. What is v(77)?
2
Let n(x) = -319*x - 4798. Calculate n(-15).
-13
Let a(n) = -441*n - 4852. What is a(-11)?
-1
Let m(q) = -26*q - 1992. What is m(-77)?
10
Let z(i) = -115*i + 833. Calculate z(7).
28
Let i(t) = t**3 - 23*t**2 - t + 108. Determine i(23).
85
Let s(j) = -j**2 - 15*j - 32. Determine s(-25).
-282
Let f(o) = 127*o + 30820. Give f(-243).
-41
Let y(j) = -2*j**2 - 231*j - 684. Calculate y(-3).
-9
Let d(y) = -14*y**2 - 60*y + 593. Determine d(-9).
-1
Let z(k) = 2*k**3 + 15*k**2 - 9*k - 6. What is z(-8)?
2
Let t(x) = -82*x - 83. Determine t(1).
-165
Let y(k) = 21*k - 483. Calculate y(23).
0
Let k(f) = 530*f - 89. Give k(0).
-89
Let l(h) = -h**3 - 17*h**2 - 601*h - 10232. Determine l(-17).
-15
Let u(o) = 5*o**3 + 1069*o**2 - 214*o + 6. What is u(-214)?
6
Let d(h) = -h**3 + 2*h**2 - h + 12. Calculate d(0).
12
Let q(i) = -8*i**3 - 178*i**2 - 36*i + 171. What is q(-22)?
-5
Let c(i) = 4*i**3 - 181*i**2 - 184*i - 2. Determine c(-1).
-3
Let y(u) = u**2 - 4*u - 214. Give y(19).
71
Let v(p) = -3*p**3 - 18*p**2 + 473*p + 2365. Calculate v(-5).
-75
Let d(z) = -100*z - 620. What is d(-6)?
-20
Let i(w) = 2*w**3 + 57*w**2 - 85*w + 117. Calculate i(-30).
-33
Let a(z) = -13*z + 95. Calculate a(18).
-139
Let p(k) = k**3 - 14*k**2 + 20*k - 36. Determine p(12).
-84
Let f(n) = 9*n**2 - 5*n + 6. Give f(1).
10
Let j(w) = 89*w + 199. What is j(-5)?
-246
Let n(x) = -14*x - 45. Determine n(-2).
-17
Let j(x) = -2*x**3 - 10*x**2 + 20*x - 4. Calculate j(-7).
52
Let l(w) = 4114*w - 181023. Give l(44).
-7
Let p(u) = 27*u**2 + 4*u + 2. Calculate p(-1).
25
Let u(f) = -48*f - 1146. What is u(-24)?
6
Let b(k) = -47*k + 232. Calculate b(5).
-3
Let r(n) = -2*n**3 - 210*n**2 + 102*n + 10694. Give r(-105).
-16
Let p(y) = 2*y**3 + 17*y**2 - 214*y - 8. Give p(7).
13
Let o(t) = 24*t**2 + 12*t. Determine o(4).
432
Let s(x) = 2*x**2 + 95*x - 154. Give s(-49).
-7
Let w(h) = h**3 + 13*h**2 - 5*h - 12. Calculate w(-14).
-138
Let h(n) = -6*n**2 + 43*n - 111. Give h(3).
-36
Let z(h) = -3*h**2 - 79*h + 538. What is z(-31)?
104
Let z(q) = -q**3 - 39*q**2 + 40*q - 63. Give z(-40).
-63
Let f(r) = 3*r**2 + 98*r - 60. What is f(-37)?
421
Let h(a) = 19*a + 1209. Give h(-77).
-254
Let m(t) = 373*t + 1867. What is m(-5)?
2
Let h(i) = i**3 - i**2 + 8*i - 9. Calculate h(3).
33
Let s(t) = 96*t**3 + t**2 - t - 1. Calculate s(-1).
-95
Let f(u) = u**3 + 4*u**2 + 6*u + 87. Give f(-6).
-21
Let c(t) = -8*t**3 + 68*t + 69. Give c(-1).
9
Let n(b) = b**2 - 226*b + 1528. Give n(7).
-5
Let i(h) = -211*h + 3788. Determine i(18).
-10
Let k(q) = -3*q**3 - 17*q**2 + 2*q - 23. Determine k(0).
-23
Let x(g) = -g**3 + 46*g**2 + 57*g - 299. What is x(47)?
171
Let o(y) = -2*y**3 + 56*y**2 + 78*y - 599. What is o(29)?
-19
Let i(t) = -11*t**2 - 2*t - 6. Give i(3).
-111
Let m(z) = -1001*z + 7005. Give m(7).
-2
Let l(s) = s**3 - 90*s**2 + 575*s + 534. Calculate l(83).
36
Let i(a) = a**2 - 666*a - 11624. Give i(-17).
-13
Let d(b) = b**3 - 18*b**2 + 70*b - 67. Determine d(7).
-116
Let v(w) = -25*w - 269. Determine v(0).
-269
Let u(g) = g**3 - 15*g**2 + 11*g + 73. Give u(15).
238
Let r(p) = 5*p - 149. What is r(23)?
-34
Let p(s) = -s**3 + 41*s**2 - 325*s - 142. Calculate p(30).
8
Let t(o) = -o**3 + 6*o**2 + 38*o + 35. What is t(10)?
15
Let t(f) = f**3 - 4*f**2 - f + 9. Calculate t(4).
5
Let q(d) = d**2 - 39*d - 673. Give q(-13).
3
Let d(h) = h**2 + 37*h - 652. Give d(12).
-64
Let i(n) = 8*n**2 + 62*n + 32. Give i(-7).
-10
Let a(r) = 178*r - 1080. Calculate a(6).
-12
Let b(a) = -2*a**3 - 69*a**2 - 211*a + 127. Calculate b(-31).
-59
Let y(b) = 62*b - 8. What is y(-7)?
